-7
Let b(g) = -g**2 + 3*g + 2. Let d be (-1)/(-5) + (-162)/(-15). Let i = -6 + d. Determine b(i).
-8
Suppose 8 = -3*v - 10. Let k(t) = -t**3 - 5*t**2 + 4*t - 7. Determine k(v).
5
Let w(y) = -5*y - 7. Let o(h) = -4*h - 6. Let i(f) = 2*f**2 + 3*f + 2. Let q be i(-2). Let m(u) = q*o(u) - 3*w(u). Calculate m(-6).
3
Let s(q) = 7*q**2 - 1. Suppose -61 - 159 = -5*g. Suppose n + 3*n = -g. Let t(f) = f + 10. Let m be t(n). Calculate s(m).
6
Let s(v) = -9*v + 8. Let l(w) = 7*w - 7. Let x(g) = -5*l(g) - 4*s(g). Suppose 0 = -4*y + 9 + 7. Give x(y).
7
Let a(t) = 7*t + 3. Let f be (4/12)/((-2)/(-24)). Suppose -2*n - f*h = -6, -n + 3 = -5*h - 7. Let d(y) = 4*y + 2. Let b(x) = n*d(x) - 3*a(x). Give b(-6).
7
Let z(f) = -f**2 - 12*f - 15. Let p be z(-11). Let r(l) be the first derivative of l**2 + 6*l - 4. What is r(p)?
-2
Let h(j) = j**3 - j**2 - j + 1. Suppose 13*w + 14 = 6*w. Give h(w).
-9
Let n(a) = a. Let f(c) = -5*c - 1. Let z(r) = -f(r) - 4*n(r). Suppose -3*k + 3*o = 42, -o + 22 = -3*k - 2*o. Let m = 4 + k. What is z(m)?
-4
Suppose -4*t + 4*o = -0*t + 24, 21 = -4*t + 3*o. Let k(w) = 2*w - 1. Determine k(t).
-7
Let h(g) be the third derivative of -g**6/60 + g**3/6 + 21*g**2. Determine h(1).
-1
Let c be (8 - 2)*(-3)/(-6). Let f = 0 + 0. Let h(i) = -i**3 + 0*i**3 + f*i**2 + 1 + 4*i**2 - i + 0*i**3. Give h(c).
7
Let a(i) be the third derivative of i**5/20 - i**4/8 - i**3/3 - 2*i**2. Let v(u) be the first derivative of a(u). Calculate v(2).
9
Let c(y) = 3*y + 0*y - y - y**2 - 3*y. Let t(p) = p + 6. Let k be t(-7). Calculate c(k).
0
Let v(m) = -m. Let w(a) = a**2 + 8*a - 3. Let p be 1*(-6 + 0/3). Let z(n) = p*v(n) - w(n). Let y(r) = -r**2 + r + 2. Let j be y(3). What is z(j)?
-5
Let t(r) = r + 7*r + 6*r + 6 - 15*r. Give t(-6).
12
Let i(a) = -a**2 - 6*a + 2. Let n be i(-6). Let o be (n/6)/((-2)/(-30)). Let y(f) = -2*f - 7. Let l(v) = -v - 1. Let g(h) = 4*l(h) - y(h). What is g(o)?
-7
Let s(l) = 3*l**3 + l**2 + 2*l + 1. Let a be s(-1). Let r = 10 + a. Suppose 3 = -2*p - r. Let y(z) = z + 3. Determine y(p).
-2
Let b(q) = q**3 - 4*q**2 + 2*q - 2. Let x(m) = -m**3 - 8*m**2 - 12*m - 32. Let n be x(-7). Give b(n).
-5
Let r = -31 - -46. Suppose 2*q - 6 = -q + 5*u, q + 4*u - 2 = 0. Suppose 0 = 5*y - q*y - r. Let b(k) = -k. Give b(y).
-5
Let u(s) be the first derivative of -s**3/3 + 3*s**2/2 + 4*s - 2. Let p(h) = -h**3 + 10*h**2 + 10*h + 13. Let v be p(11). Suppose 2 = v*a - 4. Calculate u(a).
4
Let l(z) be the first derivative of 7*z**4/4 + z - 4. Let d(w) = -w**3 - 2*w**2 + 3*w + 1. Let j be d(-3). Give l(j).
8
Let i(d) = 4*d**2 - 3*d + 3. Let u = -14 + 15. Let z be (-2)/4 + (-1)/2. Let y(p) = p**3 - p**2 + p + 1. Let o(l) = u*i(l) + z*y(l). Calculate o(2).
6
Let p(x) be the third derivative of -x**9/60480 + x**7/2520 + 7*x**5/60 - 2*x**2. Let g(t) be the third derivative of p(t). What is g(2)?
-4
Let y be (-1)/2 + (-2)/(-4). Let d(c) = -4*c - 1 + 0 + 3*c. Determine d(y).
-1
Suppose 4*p = -1 + 17. Suppose 3*u = j + 7*u - 12, -4*j = 3*u - 22. Let t(n) = 0*n + j - 3*n + 4*n. What is t(p)?
8
Suppose 0 = -3*x - 9, -3*m - 2*m + 3*x + 24 = 0. Let j(p) = p**3 - 2*p**2 - 2*p - 3. Calculate j(m).
0
Let a(s) = s**2 - 4*s - 7. Let o be 5*(2 + -5 - -4). What is a(o)?
-2
Let h(x) = x**3 + x**2 - x - 1. Let o(d) = -2*d**3 - 3*d**2. Let m(q) = -h(q) - o(q). Let g be (-1)/(-5) + (-33)/15. What is m(g)?
-1
Let w(f) = f**2 - f + 2. Let c = -3 + 4. Let y be (1 - 2 - -1)/c. Give w(y).
2
Let c(p) = -4*p**3 + p. Suppose -9 + 2 = -7*x. What is c(x)?
-3
Let p(g) = 8*g**3 - 3*g**2 + 14*g + 3. Let f(m) = -3*m**3 + m**2 - 5*m - 1. Let x(q) = 11*f(q) + 4*p(q). Calculate x(0).
1
Let a(u) be the first derivative of -5 - 1/3*u**3 + 6*u - 2*u**2. Determine a(-5).
1
Let g(y) = -y**2 + y - 3. Let m(i) = -2*i**2 + 2*i - 7. Let b(x) = -5*g(x) + 2*m(x). What is b(2)?
3
Let r(v) = v**2 - 7*v + 5. Let y(h) = h - 2. Let a be (2/(-3))/((-2)/(-3)). Let o be 5 - a/(2 + -1). Let x be y(o). Determine r(x).
-7
Suppose -c = 4*c - 90. Suppose -4*m - c = d, 5*m + 5*d + 10 = -20. Let y(n) = n**3 + 5*n**2 + 4*n. Give y(m).
0
Let v(p) be the third derivative of -p**5/60 - p**4/8 + p**3/6 - 4*p**2. Determine v(-2).
3
Let s(l) = -l**2 - l. Let c(v) = v**3 - v**2 - 13*v - 4. Let q(b) = -c(b) + 6*s(b). What is q(-6)?
-2
Let v(c) be the third derivative of 0 + 0*c + 0*c**3 - c**2 + 1/24*c**4. What is v(6)?
6
Let a be 10/(1/((-1)/(-2))). Let y = 7 - a. Let u(v) = v**2 + 2*v - 1. Calculate u(y).
7
Let m(q) be the second derivative of 0 + q**2 + 6*q - 1/6*q**3. Determine m(6).
-4
Let d = 8 + -3. Suppose 0 = 4*u + k - 13, -18 = -d*u - 4*k + 1. Let b(y) = 2*y + y**u + 1 + 0 + 0 + 5*y**2. Determine b(-5).
-9
Suppose -2*a + 16 = -2*c - 0*c, 4*c = -5*a + 4. Let u(x) = x**3 - 3*x**2 - 4*x. Give u(a).
0
Suppose 0 = -4*k - 3*t, 2*k + 3*k - t = 19. Suppose 0 = -k*n - 0*n. Let q(b) = b**2 + n*b**2 - 3 + 1. Calculate q(-2).
2
Let k = 1 - 2. Let g = -7 - -12. Let v(r) = g - 2*r**2 - 4 + r + 5*r**2. What is v(k)?
3
Let k(y) = y**3 - y + 4. Let q(s) = -4*s**3 + s**2 + 3*s - 17. Let l(r) = -9*k(r) - 2*q(r). Determine l(-3).
-2
Let u(t) = t**3 - 4*t + 2 + 4 - 2 + 0 - 4*t**2. Determine u(5).
9
Let v(q) = q. Suppose 2*k = -5*h - 10, -3*k + 6 = 2*h - 1. Give v(h).
-4
Let s(v) be the first derivative of 2*v**2 + 1/3*v**3 - 5*v + 6. Calculate s(-5).
0
Suppose 4*o + 0*y + 5 = -y, 6 = -5*o - y. Let v(g) = 4*g**2 + 3*g - 4. Let u(f) = -f**3 - f**2 - f + 1. Let k(i) = -3*u(i) - v(i). Give k(o).
-3
Let w = 4 - 7. Let j(p) be the first derivative of -3*p + 1/3*p**3 + p**2 - 5. Calculate j(w).
0
Let u(p) = -p + 4. Let l be u(0). Let y = l + -9. Let n(g) = -g - 2. Calculate n(y).
3
Suppose -3*g - 2*g + 15 = 0. Suppose -g*i + 5 = -4. Let f(a) = a**2 + 0 - 3 + 6*a - 2*a**2. Give f(i).
6
Let n(k) = -164*k - 7 + 80*k + 83*k. What is n(-5)?
-2
Let w be (12/7)/((-56)/(-196)). Let o(m) = -m**2 + 8*m - 9. Determine o(w).
3
Let w = -2 + 2. Let h be (w + (-4 - -2))*1. Let u(z) = -5*z**2 - 4*z + 4. Let g(t) = -26*t**2 - 21*t + 21. Let n(p) = 2*g(p) - 11*u(p). Determine n(h).
6
Let t(c) = c**2 - 4*c + 2. Let s(u) = u**3 + u**2 + 4. Let d be s(0). Calculate t(d).
2
Let m(c) = 2*c - 1 - 6*c**2 - 3 + 7*c**2 + 4*c. Determine m(-6).
-4
Suppose -2*s - 9 = -5*j + 2*s, 2*j - 1 = -s. Let k be ((2 - 0) + 0)/j. Let c(r) = -k - 6*r**2 - 4*r + r**3 + 1 + 5*r**2. Determine c(3).
5
Let t(l) = -3*l**2 - 4*l - 2. Let f be -5*(3 - 11/5)/2. Calculate t(f).
-6
Suppose 3*t - 4*t + 2 = 0. Let x(g) = 4*g**2 - 4 - 4*g**2 - 5*g**3 + t*g + 2*g**2 + 4*g**3. Determine x(3).
-7
Let g be 5*3*(-5)/(-15). Let b(s) = -3*s + 7. What is b(g)?
-8
Let g(m) be the second derivative of m**3/6 + 7*m**2/2 - 22*m. Calculate g(-5).
2
Let t(a) = a**3 - 4*a**2 - 8*a + 3. Let s = -38 - -43. Calculate t(s).
-12
Let n(d) be the third derivative of d**4/24 + d**3 + 12*d**2. Determine n(0).
6
Let g(z) = -z**2. Let t(c) = -3*c**2 - 4*c - 3. Let h(w) = 2*g(w) - t(w). What is h(-5)?
8
Let k(w) = w**2 + 2. Let p(i) = 4*i. Let r be p(1). Suppose 4*y = 12 - r. Give k(y).
6
Let x(a) be the second derivative of a**3/6 + 5*a**2/2 - 13*a. Give x(0).
5
Let r = 3 + -2. Let x(o) = 5421*o**3 + 0*o - o**2 - 1 - 5414*o**3 + 2*o. Determine x(r).
7
Suppose 5*s - 2 = -5*w + 8, -4 = 4*w - 2*s. Let v = 1 - w. Let g(y) = 2 + 6*y + 4*y - 3. Give g(v).
9
Let v(j) = 3*j**3 - 11*j**2 - 7*j + 3. Let w(h) = 2*h**3 - 10*h**2 - 6*h + 4. Let k(m) = 3*v(m) - 4*w(m). Give k(-6).
11
Let i(c) = 6 - c**2 - 2*c**2 + 2*c**2 - 1. Determine i(4).
-11
Let j(z) = 6*z + 1. Let g be j(-1). Let a(r) = r - 9. Let p(u) = -u + 6. Let k(c) = -1. Let x(h) = 2*k(h) - p(h). Let i(o) = g*a(o) + 6*x(o). Give i(5).
2
Let b(x) be the second derivative of -x**4/12 - x**3/2 + x**2/2 + x. Suppose -4 = k - 8. Suppose k*c - 2*z + 12 = 0, -3*c - c - 4*z - 12 = 0. What is b(c)?
1
Let a(d) = d**2 - 6*d + 7. Let j = 4 + -1. Suppose b - j*b = -5*q - 35, -5 = b + 2*q. Give a(b).
2
Let n(h) = 2 - 3*h + 5 - 4 + 2*h**2 + 0 - h**3. What is n(2)?
-3
Let f = -7 - -10. Let b(h) be the first derivative of h - 1/4*h**4 + 1/2*h**2 + 2 - h**f. Give b(-3).
-2
Let u(k) be the second derivative of k**4/4 - k**3/3 + k**2 + 18*k. What is u(3)?
23
Suppose 0*i + 2*i - 2 = -5*c, -12 = -2*c + 2*i. Let t(w) = w**c - 3*w + 6 + 6*w + 4*w. Calculate t(-6).
0
Let i(q) = -8*q + 1. Let r = -34 + 38. Let